7 + -2 a composite number?
False
Is 702/(-585)*56870/(-3) - (-2 + -1) a composite number?
False
Suppose 0*n + 52 = -52*n. Is ((-1)/(n/(-1226)))/(188/(-3854)) composite?
True
Let a = 2038712 - 1309573. Is a composite?
False
Let j(k) = -989*k**3 + 10*k**2 - 11*k - 19. Is j(-5) a composite number?
False
Let u = 71 + -69. Suppose 0 = 2*h + 4*i - 2702, u*h + 2*h + i = 5439. Is h prime?
True
Suppose 15*d = 3*d - 210660. Let m = d - -25702. Is m a composite number?
False
Suppose -145*r - 134*r + 53*r + 24028094 = 0. Is r composite?
False
Let p(s) = 143875*s**2 + 44*s - 46. Is p(1) a composite number?
False
Suppose -5*w = 5*y, -2*y + 23 = -5*w - 5. Let u(z) = 7 - y*z**2 - 8 - 4*z + 9*z**3 - 3*z**3. Is u(5) a prime number?
False
Let t(p) = p**3 - 20*p**2 + 18*p - 53. Let d be t(19). Is ((-218896)/(d/9))/2 a composite number?
False
Suppose 0 = 3*b - 2*b + 4*w + 6, w = -4*b + 6. Let y(n) be the second derivative of 143*n**5/20 - n**4/12 - n**3/6 - 4*n + 3. Is y(b) a composite number?
True
Suppose -3*k - 3*o - 3 = -15, -3*k + 14 = o. Suppose k*g + 5*g - 42470 = 0. Is g a composite number?
True
Suppose 0 = -5*s + 4*u + 127190, -s - 25*u + 28*u = -25427. Let k = 30831 + s. Is k composite?
True
Suppose 31*f - 26*f - 445 = 0. Let q = 307 - f. Let u = q - -75. Is u composite?
False
Let m(a) = 1545*a**2 + 778*a - 11. Is m(16) prime?
False
Let y = 670 + -394. Let t = 470 - y. Suppose 10*m = 9716 + t. Is m prime?
True
Let m be (2 + (-8 - -8))*13042/1. Suppose -9*h = -13*h + m. Is h a composite number?
False
Let c be (1 - 2) + (4 - 0) + -1. Let a(h) = c*h - 4*h - 19 + h + 470. Is a(0) a prime number?
False
Let b be (3 - (2 + 0))/(12/(-24)). Let m(s) = -5638*s + 7. Is m(b) a prime number?
False
Is 3603412/10 - (107/214 + 3/(-10)) prime?
False
Suppose -15 = 10*b + 15. Let h be b - (-1*(1 + 9) - -2). Suppose 8 = -2*k, -2*p = h*k - 0*k - 2282. Is p a prime number?
True
Is (4002142/(-32))/(-37)*16 composite?
False
Let h be 159/18 - (5 + (-155)/30). Suppose 5*c = 3*n + 1290, 0 = h*n - 8*n. Suppose -6*g = -c - 288. Is g a composite number?
True
Suppose 4*z - 9 = w, 5*z + w - 3 = 15. Let p(t) = t**3 - 3*t**2 + 2*t - 1. Let j be p(z). Suppose j*u - 7*u + 638 = 0. Is u prime?
False
Suppose -5*v = 4*r - r - 5, 5*v = -4*r. Suppose 0 = -2*y - 2*q, v*q - 9 = 7. Is (y/(-6))/((-12)/(-5958)) a composite number?
False
Suppose 7*n + 13*n - 59180 = 0. Let v = n + -1166. Is v a composite number?
True
Suppose 0*i + 39 = -3*i. Let r be (-2)/6 - (0 + i/3). Suppose r = -2*m, -6*y + 2*y - m + 4586 = 0. Is y prime?
False
Suppose 9*b - 340 = 4*b. Let l = 2523 - b. Is l composite?
True
Let k = 35739 + -20312. Is k prime?
True
Let q = 36422 + -20941. Is q prime?
False
Let k be (-147)/(-98) - 15235/2. Let o = k - -16953. Is o a prime number?
True
Let l(w) = w**3 + 27*w**2 + 54*w - 5. Let m = -122 + 103. Is l(m) a composite number?
True
Is 9 - 780/84 - (-25526)/14 composite?
False
Let h(d) = 0*d**2 - 7*d + 269 - 2*d**2 + 6*d**2 - 265 + 0*d**2. Let k be (0 + 1)/(2/(-14)). Is h(k) composite?
True
Suppose -2*l - 4*s = -30102, -3*l + 19*s + 45160 = 18*s. Is l composite?
False
Let p(v) = -2205*v + 1207. Is p(-26) prime?
True
Let k(n) be the first derivative of -318*n**2 + n - 136. Is k(-6) prime?
False
Suppose -163 = -7*s + 355. Suppose -h = s*t - 72*t - 92927, 0 = 5*t - 2*h - 232331. Is t prime?
False
Suppose 31*b + 2209884 = 4*m + 35*b, 2762339 = 5*m - 3*b. Is m composite?
False
Suppose -12072 = 21*s - 27*s. Suppose -3*z + 4950 = 5*v, -4*z - 46 = 2*v - s. Is v a composite number?
True
Is ((-6)/(-1) - (-430126 - 4)) + -1*1 prime?
False
Suppose 2*c - 18 = 3*v, 0*v - 8 = 2*v. Let u(k) = 133*k - 20. Is u(c) a composite number?
False
Is 18624369/18 + (-913)/(-498) prime?
False
Suppose -2*t + t - 2*s = -9, -5*t + 3*s + 45 = 0. Suppose 4*c - t*c = -1285. Suppose -919 = -2*i - c. Is i a composite number?
False
Let d(y) be the third derivative of 7*y**4/4 - 5*y**3/6 + 100*y**2. Let i be ((-32)/20)/((-1)/5). Is d(i) a composite number?
False
Suppose 22*k = 18*k - 4*o + 1528, -o + 1 = 0. Let p(a) = -a**3 - a**2 + 196. Let u be p(0). Let y = k - u. Is y prime?
False
Let l(t) = t**2 + 2*t - 31. Let m be l(-7). Let w be 6/4 + -34*1/m. Let z(f) = -160*f - 33. Is z(w) prime?
True
Suppose -39*h + 41*h = 182. Suppose 90*j = h*j - 5441. Suppose 4*s = 3*g + j, -g + 3 = 2. Is s a prime number?
True
Suppose 3*f - 8649 = -2*s, 3*s - 5*f = -0*f + 12983. Suppose 36434 = 8*y - s. Is y a prime number?
False
Let k(y) be the second derivative of y**3/6 - 6*y. Let o(f) = 2*f**2 - 12*f - 5. Let u(l) = -5*k(l) + o(l). Is u(12) composite?
False
Let o(l) = 46548*l - 3877. Is o(3) composite?
True
Suppose -88 = 11*d - 253. Suppose q + 1 = 0, -d*q = -5*c - 18*q + 3472. Is c composite?
True
Let a be ((-17)/2)/((-11)/22). Let m = a + -16. Suppose 0 = -r + m, -3*r = -4*g + 761. Is g composite?
False
Let i(t) = 5111*t + 157. Is i(2) composite?
True
Suppose 5 = 5*n + 10. Let j be 17346/9 - n/(-3). Suppose 0 = 5*k - 3*v - 3377, -4*k + j = 3*v - 753. Is k composite?
False
Let z(k) = -k**3 - 16*k**2 - 16*k - 10. Let o be z(-15). Suppose -7*x = -o + 5. Suppose -18*w + 61002 = -x*w. Is w a prime number?
True
Let o(z) = -11*z**3 + 67*z**2 - 154*z + 67. Is o(-37) a composite number?
False
Is (-293008)/(-15) + (-36)/(-5130)*19 prime?
False
Suppose 32*s - 20*s - 936 = 0. Is 2333/((-2)/12 + 19/s) a composite number?
True
Let d = 144420 + -43383. Is d a prime number?
False
Is 7*38/(-133) + 651681 a prime number?
False
Suppose y + 693835 = -6*l + 8*l, 0 = 2*y + 10. Is l a composite number?
True
Let a be ((-210)/2)/(6/(-3148)). Suppose -4*j + 22038 = 2*m - 0*j, -a = -5*m - 5*j. Is m a composite number?
True
Let c = -103 + 154. Suppose -c*k - 68084 = -55*k. Is k a prime number?
True
Suppose u - 3 = 19. Suppose 18*p - 16 = u*p. Is ((-1890)/p - -7) + (-2)/4 a composite number?
False
Let d = 2751 + -298. Let m = 440 + d. Is m composite?
True
Suppose -5*y = 1 - 16. Suppose 2*p = -y*k + 17114, 3*p - 25673 = 2*k - 6*k. Is p prime?
True
Is 332452/24 + 333/(-54) + 7 composite?
True
Suppose -57*u = -59*u - 12. Is 14937 + u + 10 + 0 a prime number?
False
Let k = 3165587 + -1807929. Is k a composite number?
True
Suppose -49*q + 4635 = -40*q. Let u = 888 - q. Is u composite?
False
Suppose -96891 - 271576 = -5*g - 2*s, 4*g + s = 294773. Is g composite?
False
Let s be (920/(-50))/((-4)/460). Let z = 4577 - s. Is z a prime number?
False
Suppose 4*d + 412 = 2*m, -2*d - 541 = -3*m + 77. Let g = m + -443. Let f = 116 - g. Is f composite?
False
Let s = 45653 + -109948. Let q = -33952 - s. Is q a composite number?
True
Let a = -787 - -106194. Is a a composite number?
False
Suppose 0 = 2*f + 4*u - 44366, 53937 = 2*f - 5*u + 9544. Is f a prime number?
True
Let w = 27 + 20932. Is w a composite number?
False
Suppose -4*h + 1073612 = 4*l, 7*l - 12*l - 4*h = -1342015. Is l prime?
True
Let q = -435 - -440. Suppose q*w - 3*g - 10204 = 0, -3*w - 5*g = -w - 4063. Is w composite?
False
Suppose -22 = -4*p - v, 4*p - 9*v = -4*v + 10. Suppose -p*r = -3*z + 6025, 0*z = -3*z. Let d = r + 2524. Is d prime?
True
Let a(d) = 331*d**2 - 2 + 1 - 11*d + 37 + 5. Is a(7) prime?
True
Let y(u) = 3*u - 52. Let z be y(17). Is ((-8)/(-24))/(z/(-3369)) a composite number?
False
Let c = 72 + -59. Let v be c/((-39)/(-18)) - -3. Suppose 0 = -v*s + 1709 + 1144. Is s composite?
False
Let z be (15/(-30))/(7/8 - 1). Suppose z*s - 14 = -3*s. Suppose -2*p = -4*x + 11152, -p + s = -0. Is x a prime number?
True
Let y = 164255 + 571856. Is y a prime number?
True
Suppose -6*t - 135*t + 24766717 = -3142682. Is t composite?
True
Let f(m) = 17*m**3 - m**2. Let k be f(-1). Let h be (5/(-3))/(5*3/k). Is h*3/(-2) - -622 a composite number?
False
Suppose 12*h + 30*h = 2645958. Is h a prime number?
False
Suppose -2*m - 5*t + 489 = 56, 5*m - 1035 = -3*t. Let c = 1081 - m. Is c a composite number?
False
Suppose 10*x + 12896 = 2*q + 9*x, 0 = -3*x + 6. Suppose z + 4*v - 6449 = -0*z, z - q = -v. Is z a composite number?
False
Suppose 0 = -4*x - 8, -u + 4*x + 3 = 4*u. Let w be u + 0 + 2 + (-21 - -356). Suppose -l + w = -319. Is l a prime number?
False
Let d be -3 - 9/(27/6). Let b be 1/(d/(4285 + 0)). Let w = 260 - b. Is w a prime number?
True
Let w(t) = -88*t**3 - t**2. Suppose 3*j + 2*s = 17, -5*j + 10 = 2*s - 13. Suppose 